)/4). Suppose 11*q = r*q + 639. List the prime factors of q.
71
Let i = 90 + -29. Suppose -2*j + 23 = q, i = 4*j + q + 4*q. Suppose 10*c - j*c = 137. What are the prime factors of c?
137
Let f be (-37775)/10*(-2)/(-20)*-4. What are the prime factors of (4 - (-2 - -6)) + f?
1511
Suppose 101468 = 14*h + 3686 - 88432. List the prime factors of h.
47, 283
Let s = 3016 + -6. What are the prime factors of s?
2, 5, 7, 43
Let m(a) = 4*a**3 - 5*a**2 - a - 15. Let b(g) = g**3 - 1. Let l(h) = 3*b(h) - m(h). Let q be l(6). What are the prime factors of ((-63)/q)/((-1)/(-2))?
7
Let o = 341 + -343. List the prime factors of 1642/6*(o + 5).
821
Let s(r) = 43*r**2 + 135*r + 1334. List the prime factors of s(-10).
2, 3, 7, 17
Let l(n) = 1409*n**2 + 147*n + 1. List the prime factors of l(-4).
3, 13, 563
Let z(f) = -f**2 - 19*f - 18. Let a be z(-19). List the prime factors of (-25194)/a + 16/12.
3, 467
Let l = -4233 - -9786. What are the prime factors of l?
3, 617
Suppose -9*n + 9724 = 4*f - 11*n, -10 = -5*n. List the prime factors of f.
2, 19
Let w(g) = 8*g - 20. Let p(u) = 4*u**2 - u. Let i(b) = -b**2 + 1. Let d(v) = -5*i(v) - p(v). Let x be d(3). List the prime factors of w(x).
2, 3
Let x(p) = 6*p - 6. Let v = 57 - 50. Let a be x(v). What are the prime factors of 6/a - 1066/(-12)?
89
Let a(t) = t**3 + 26*t**2 - 11*t - 15. List the prime factors of a(4).
421
Let k = 231 + -1001. Let y = k + 2160. List the prime factors of y.
2, 5, 139
Let t = -123 - -509. Suppose 8*n + t = 9*n. Suppose -n + 138 = -4*f. What are the prime factors of f?
2, 31
Suppose -11 = -h + 5. Suppose -5*p + p = 3*q - h, 3 = q - p. List the prime factors of 2/q*(312 - -4).
2, 79
Let s(g) = 7*g**2 + 8*g. List the prime factors of s(-15).
3, 5, 97
Suppose -83433 = -106*m - 31*m. What are the prime factors of m?
3, 7, 29
Let d be ((-240)/(-28))/(4/4676). Suppose -5*h + 5209 = 3*m - 4803, 5*m + d = 5*h. List the prime factors of h.
2003
Let p be (-27)/9 - (-4 - 303). Let s = -29 + p. What are the prime factors of s?
5, 11
Let l be (-65182)/(-22) - (-42)/231. Suppose 0 = 22*v - 24*v + 5*h + l, 7417 = 5*v - 3*h. What are the prime factors of v?
2, 7, 53
Suppose -r + 143 = 12*r. Suppose r*v - 4557 = 2450. List the prime factors of v.
7, 13
Suppose 0*w + 5*o + 4712 = -2*w, 3*o + 9424 = -4*w. List the prime factors of w/(-14) + -2 - (-2)/(-7).
2, 83
Let h be 1/(53/(-26) + 2). List the prime factors of 1*(278/(-6))/(h/78).
139
Let m(g) = 34*g**2 + 7*g + 14. List the prime factors of m(-15).
7559
Suppose 8*j = -0*j - 224. List the prime factors of j + 1611 - (9 + 0).
2, 787
Suppose 2*y = 3*m + 41146, 139*y - 82312 = 135*y - 4*m. What are the prime factors of y?
2, 643
Let f be (1 - 5) + -4 + -2 + 1. List the prime factors of 45 + ((-1)/(-3))/(f/54).
43
Let h be 619 - (0 - -6 - 6). Suppose 5*y + 5*b - 2995 = 0, -2*b - b = -y + h. What are the prime factors of y?
2, 151
What are the prime factors of 3 + 3 - -7362 - 3?
3, 5, 491
Suppose -7*h + 145 = 61. Suppose -5*w + 6 = -49. Suppose 0 = -h*m + w*m + 65. What are the prime factors of m?
5, 13
Suppose -3*h + 1520 = 7*h. Let s = 208 + h. What are the prime factors of s?
2, 3, 5
Let j = 79784 - 45258. List the prime factors of j.
2, 61, 283
Let w(s) = 29*s - 4. Let k(j) = j**3 - 4*j**2 + 3*j + 2. Suppose -4*y - 2*b = 8 - 22, -2*y - 5*b + 11 = 0. Let g be k(y). List the prime factors of w(g).
2, 3
What are the prime factors of -4 + (6 - -44382) + (4 - 1 - -2)?
44389
List the prime factors of (-1)/((-4)/(-24)) - (-22925 - -12).
22907
List the prime factors of 2351 + (-18 + 25 - 22).
2, 73
Let q = 5250 - 2922. What are the prime factors of 192/(-336) + q/7?
2, 83
Suppose 54 = -2*x + 6. Let t(u) = 2*u**3 + 49*u**2 - 12*u - 9. What are the prime factors of t(x)?
3, 5, 19
Let n(h) = 180*h**2 + h + 22. Let v(a) = -179*a**2 - 2*a - 22. Let t(z) = -5*n(z) - 6*v(z). What are the prime factors of t(-2)?
2, 11
Let x(s) = -20 + 6 + 8*s**2 - s + 4 + 6. List the prime factors of x(8).
2, 5
Let v = 44 + -166. Let h = -19 - v. List the prime factors of h.
103
Suppose -n - 5*s + 21934 = 0, -8*n - 2*s + 87826 = -4*n. What are the prime factors of n?
7, 3137
Let u = 0 - 572. Let v = -197 - u. What are the prime factors of v?
3, 5
Suppose -3*t - 9964 + 80407 = 3*l, -t = 2. List the prime factors of l.
23, 1021
Suppose -7*r + 40869 + 6065 = -39887. List the prime factors of r.
79, 157
Suppose -2001 = -3*s + 2*o, 2*o - 3*o - 3328 = -5*s. Suppose 0 = -39*n + 46*n - s. List the prime factors of n.
5, 19
Suppose -c - 5*v = 552, -3*c + 4*v - 818 - 743 = 0. Let i = -257 - c. What are the prime factors of i?
2, 3, 5
Let p(g) = -g**3 - g**2 - 39*g - 634. What are the prime factors of p(-16)?
2, 5, 383
Let r(w) = w**3 + 9*w**2 + 6*w - 6. Let m be r(-8). Suppose -349*n - 3654 = -355*n. Suppose -m*g + 851 = -n. What are the prime factors of g?
2, 73
Let m be 0*(5 + 55/(-10)). Suppose -7*n + 8*n - 547 = m. List the prime factors of n.
547
What are the prime factors of 74*1 - (88 + -91)?
7, 11
Suppose 2*u - 125 = u. Let b = u - 17. Suppose -2*r = 3*f - 164, 4*r - 6*r + b = 2*f. List the prime factors of f.
2, 7
Let g = -9 + 28. Suppose -6*a + 5*z - 5 = -4*a, 5*a - 22 = z. Suppose a*l - g = 71. List the prime factors of l.
2, 3
Suppose -44231 = -5*x - 2*u + 63404, -4*u - 86136 = -4*x. What are the prime factors of x?
21529
Let b be -6*(-8)/(-6) - -7. Let t(k) = 825*k**2 + 1. List the prime factors of t(b).
2, 7, 59
Let c(r) = -r**2 + 9*r - 1. Let g be c(5). Let y = g + 101. What are the prime factors of y?
2, 3, 5
Let a(w) be the second derivative of 5/6*w**3 - 6*w**2 + 0 + 1/6*w**4 + 17*w. List the prime factors of a(-7).
3, 17
Let l = -161 - -358. Suppose -l + 35 = -y. Let g = y - 75. List the prime factors of g.
3, 29
Let a(h) = -89*h - 2 - 136*h + 2 + 6 + 5. List the prime factors of a(-6).
1361
Suppose -w + 1191 = 398. Suppose -549 = -t + w. List the prime factors of t.
2, 11, 61
Suppose -3*s = 5*x - 7*s - 16283, -16301 = -5*x - 2*s. List the prime factors of x.
3259
Suppose -133*n + 35*n + 215808 = -34*n. What are the prime factors of n?
2, 3, 281
Let z = 114 - 103. Suppose 2*i = -5*d - i + 965, 4*d - 769 = -3*i. Let n = d + z. What are the prime factors of n?
3, 23
Let j(q) = -q**3 + q**2 - 128*q - 19. List the prime factors of j(-14).
3, 1571
Suppose 8991 = 26*b + 11*b. Let u = b + -191. What are the prime factors of u?
2, 13
Let m(g) = 16*g + 15. Let h be m(-5). Let p = 71 + h. Suppose -133 - 713 = -p*b. List the prime factors of b.
3, 47
Let w = 1603 + -531. Let u = w + -451. List the prime factors of u.
3, 23
Suppose b = 6*w - 9*w + 33142, -b - w + 33154 = 0. List the prime factors of b.
2, 5, 829
Suppose -24 = -4*r - 12. Suppose -9*b = -14*b + 1065. Suppose 2*f - 27 = -3*q + 110, r*f + 2*q - b = 0. List the prime factors of f.
73
What are the prime factors of (32/(-208) + (-343)/52)*(-3499 - 1)?
3, 5, 7
Suppose -3*f - 22 = 2*x, 3*x - 2*f = 2*f + 1. Let l be (-1 - (x + -12))/((-4)/(-82)). Suppose 4*y - l = -5*d + d, y - 94 = 2*d. List the prime factors of y.
2, 43
Suppose 0 = -7*g - 21 + 105. What are the prime factors of ((-3)/g*3)/((-3)/24)?
2, 3
Suppose 94545 = -73*u + 493125. List the prime factors of u.
2, 3, 5, 7, 13
What are the prime factors of 10 + (1552 - (9 + -19))?
2, 3, 131
Let r be 6*((-9)/3 - -5 - 1). Suppose -10 = r*s - 46. Let y(l) = l**2 + 5*l - 14. What are the prime factors of y(s)?
2, 13
Suppose 4*j - 3*o + 48 = 0, 10*o + 60 = -5*j + 15*o. What are the prime factors of (-1054)/j + (-8)/(-6 + -42)?
2, 11
Let w be (-24)/16 + 10/4. Let f(s) = 143*s**3 - 2*s**2 + 7*s - 6. What are the prime factors of f(w)?
2, 71
Let q(l) = 87*l**2 + 148*l + 30. What are the prime factors of q(9)?
3, 2803
Let y = 25 - 16. Suppose 0 = y*p - 0*p. Suppose 4*x - 922 + 86 = p. List the prime factors of x.
11, 19
What are the prime factors of -217 + 225 - (-13443 + 0)?
13451
Let a(u) = -355*u**2 + 6*u + 9. Let l be a(-4). Let g be 1/(-3) - l/(-51). Let f = g - -269. List the prime factors of f.
157
Suppose 88 = -j + 96. List the prime factors of (-16)/j + 4220/(3 + 1).
3, 13
Suppose -3*d = 4*n - 47978, 0*n - 4*d = -5*n + 59988. List the prime factors of n.
2, 2999
Let y = 4 - 9. Let a(h) = -70*h + 535. Let s be a(8). Let z = y - s. What are the prime factors of z?
2, 5
Let i(p) = p*